
List the prime factors of 469.
7, 67
List the prime factors of 13614.
2, 3, 2269
What are the prime factors of 1167?
3, 389
List the prime factors of 61250.
2, 5, 7
List the prime factors of 644.
2, 7, 23
What are the prime factors of 9366?
2, 3, 7, 223
List the prime factors of 20667.
3, 83
List the prime factors of 10289.
10289
What are the prime factors of 2206?
2, 1103
List the prime factors of 273.
3, 7, 13
List the prime factors of 61019.
7, 23, 379
What are the prime factors of 9439?
9439
What are the prime factors of 6396?
2, 3, 13, 41
List the prime factors of 3301.
3301
What are the prime factors of 2533?
17, 149
What are the prime factors of 1351?
7, 193
What are the prime factors of 74?
2, 37
What are the prime factors of 447?
3, 149
What are the prime factors of 62844?
2, 3, 5237
What are the prime factors of 13058?
2, 6529
What are the prime factors of 4445?
5, 7, 127
What are the prime factors of 103535?
5, 20707
What are the prime factors of 3851?
3851
List the prime factors of 45697.
45697
What are the prime factors of 2482?
2, 17, 73
What are the prime factors of 5575?
5, 223
What are the prime factors of 43026?
2, 3, 71, 101
What are the prime factors of 4017?
3, 13, 103
What are the prime factors of 6873?
3, 29, 79
What are the prime factors of 33480?
2, 3, 5, 31
What are the prime factors of 49049?
7, 11, 13
What are the prime factors of 32239?
103, 313
What are the prime factors of 1872?
2, 3, 13
List the prime factors of 95280.
2, 3, 5, 397
List the prime factors of 19439.
7, 2777
What are the prime factors of 70283?
67, 1049
List the prime factors of 1298.
2, 11, 59
What are the prime factors of 2621?
2621
What are the prime factors of 37184?
2, 7, 83
What are the prime factors of 38838?
2, 3, 6473
What are the prime factors of 95621?
95621
List the prime factors of 1334.
2, 23, 29
What are the prime factors of 8570?
2, 5, 857
What are the prime factors of 26568?
2, 3, 41
List the prime factors of 6046.
2, 3023
List the prime factors of 108982.
2, 29, 1879
What are the prime factors of 55655?
5, 11131
What are the prime factors of 2561?
13, 197
List the prime factors of 27453.
3, 9151
What are the prime factors of 78431?
107, 733
List the prime factors of 6047.
6047
What are the prime factors of 5695?
5, 17, 67
What are the prime factors of 780?
2, 3, 5, 13
List the prime factors of 102615.
3, 5, 6841
What are the prime factors of 583?
11, 53
What are the prime factors of 5386?
2, 2693
What are the prime factors of 140047?
23, 6089
What are the prime factors of 10397?
37, 281
List the prime factors of 14853.
3, 4951
List the prime factors of 4430.
2, 5, 443
List the prime factors of 1528.
2, 191
What are the prime factors of 13127?
13127
What are the prime factors of 1797?
3, 599
List the prime factors of 5052.
2, 3, 421
List the prime factors of 1906.
2, 953
What are the prime factors of 319?
11, 29
List the prime factors of 593.
593
List the prime factors of 1468.
2, 367
What are the prime factors of 73269?
3, 7, 1163
List the prime factors of 41138.
2, 67, 307
List the prime factors of 1239.
3, 7, 59
List the prime factors of 8276.
2, 2069
List the prime factors of 17912.
2, 2239
List the prime factors of 9457.
7, 193
List the prime factors of 7827.
3, 2609
List the prime factors of 16243.
37, 439
What are the prime factors of 201?
3, 67
List the prime factors of 1860.
2, 3, 5, 31
List the prime factors of 986.
2, 17, 29
List the prime factors of 175.
5, 7
What are the prime factors of 9956?
2, 19, 131
List the prime factors of 14527.
73, 199
List the prime factors of 500.
2, 5
List the prime factors of 5859.
3, 7, 31
What are the prime factors of 21262?
2, 10631
List the prime factors of 7782.
2, 3, 1297
What are the prime factors of 8118?
2, 3, 11, 41
List the prime factors of 2640.
2, 3, 5, 11
List the prime factors of 940.
2, 5, 47
What are the prime factors of 3289?
11, 13, 23
What are the prime factors of 12912?
2, 3, 269
What are the prime factors of 70502?
2, 35251
List the prime factors of 3104.
2, 97
What are the prime factors of 20174?
2, 7, 11, 131
List the prime factors of 390.
2, 3, 5, 13
List the prime factors of 12656.
2, 7, 113
List the prime factors of 762.
2, 3, 127
What are the prime factors of 4473?
3, 7, 71
What are the prime factors of 71335?
5, 11, 1297
What are the prime factors of 46189?
11, 13, 17, 19
What are the prime factors of 37994?
2, 11, 157
List the prime factors of 57855.
3, 5, 7, 19, 29
List the prime factors of 6827.
6827
List the prime factors of 374.
2, 11, 17
What are the prime factors of 89421?
3, 41, 727
What are the prime factors of 93232?
2, 5827
List the prime factors of 640.
2, 5
What are the prime factors of 10319?
17, 607
List the prime factors of 90710.
2, 5, 47, 193
What are the prime factors of 101519?
11, 839
List the prime factors of 13767.
3, 13, 353
What are the prime factors of 184390?
2, 5, 18439
What are the prime factors of 324?
2, 3
List the prime factors of 5753.
11, 523
List the prime factors of 6213.
3, 19, 109
What are the prime factors of 1314?
2, 3, 73
List the prime factors of 2654.
2, 1327
List the prime factors of 2150.
2, 5, 43
What are the prime factors of 4010?
2, 5, 401
What are the prime factors of 980?
2, 5, 7
What are the prime factors of 7629?
3, 2543
List the prime factors of 2037.
3, 7, 97
List the prime factors of 3378.
2, 3, 563
What are the prime factors of 8750?
2, 5, 7
What are the prime factors of 3435?
3, 5, 229
List the prime factors of 880.
2, 5, 11
What are the prime factors of 33097?
23, 1439
What are the prime factors of 1244?
2, 311
List the prime factors of 110703.
3, 36901
What are the prime factors of 96350?
2, 5, 41, 47
List the prime factors of 7621.
7621
What are the prime factors of 540?
2, 3, 5
List the prime factors of 13949.
13, 29, 37
List the prime factors of 59230.
2, 5, 5923
What are the prime factors of 17?
17
What are the prime factors of 825?
3, 5, 11
What are the prime factors of 835?
5, 167
What are the prime factors of 14889?
3, 7, 709
What are the prime factors of 1725?
3, 5, 23
List the prime factors of 42848.
2, 13, 103
List the prime factors of 9100.
2, 5, 7, 13
What are the prime factors of 193536?
2, 3, 7
What are the prime factors of 5379?
3, 11, 163
List the prime factors of 5249.
29, 181
List the prime factors of 98417.
11, 23, 389
List the prime factors of 51142.
2, 7, 13, 281
What are the prime factors of 1057?
7, 151
What are the prime factors of 1533?
3, 7, 73
What are the prime factors of 12601?
12601
What are the prime factors of 1834?
2, 7, 131
What are the prime factors of 573?
3, 191
What are the prime factors of 5661?
3, 17, 37
What are the prime factors of 6445?
5, 1289
What are the prime factors of 4070?
2, 5, 11, 37
List the prime factors of 917.
7, 131
What are the prime factors of 20980?
2, 5, 1049
What are the prime factors of 1647?
3, 61
What are the prime factors of 86472?
2, 3, 1201
List the prime factors of 1457.
31, 47
List the prime factors of 65124.
2, 3, 67
What are the prime factors of 69839?
7, 11, 907
List the prime factors of 14652.
2, 3, 11, 37
List the prime factors of 69803.
29, 83
List the prime factors of 7983.
3, 887
What are the prime factors of 46742?
2, 23371
What are the prime factors of 1655?
5, 331
List the prime factors of 5642.
2, 7, 13, 31
What are the prime factors of 5124?
2, 3, 7, 61
List the prime factors of 2793.
3, 7, 19
List the prime factors of 1309.
7, 11, 17
What are the prime factors of 18601?
11, 19, 89
What are the prime factors of 8179?
8179
List the prime factors of 3830.
2, 5, 383
What are the prime factors of 6246?
2, 3, 347
What are the prime factors of 15185?
5, 3037
What are the prime factors of 6237?
3, 7, 11
What are the prime factors of 96562?
2, 48281
List the prime factors of 260.
2, 5, 13
What are the prime factors of 56346?
2, 3, 9391
List the prime factors of 6614.
2, 3307
List the prime factors of 1256.
2, 157
List the prime factors of 2577.
3, 859
List the prime factors of 77.
7, 11
What are the prime factors of 1455?
3, 5, 97
List the prime factors of 63106.
2, 139, 227
List the prime factors of 114349.
41, 2789
List the prime factors of 9975.
3, 5, 7, 19
What are the prime factors of 3333?
3, 11, 101
List the prime fa